Let x(k) = -k**2 + 16*k + 6. Let z be x(14). Suppose 4*p + 42 = m, -5*p = -8*p + 2*m - z. What is the units digit of (-546)/p + 15/(-25)?
4
Let u(w) = -2*w**2 + 9*w - 4. Let f be u(6). Let p = 36 + f. Suppose -3*y = -4*i - p, -y = -3*y - 2*i. What is the units digit of y?
2
Let w(c) = c**2 + 6*c + 5. Let r(j) = -2*j**3 - j**2 + 1. Let b be r(-1). Suppose -b*z = z + 18. What is the units digit of w(z)?
5
Let b be (-2 - (-44)/(-2))/1. Let f be (15/(-45))/(2/b). Suppose 3*x - 13 = 5*j + f, 5*x = -j + 47. What is the units digit of x?
9
Suppose 581*j - 571*j - 26210 = 0. What is the tens digit of j?
2
Let y = 422 + -301. Let r = y - 62. What is the units digit of r?
9
Let r = -421 + 226. What is the tens digit of (-4)/(-5) - 21489/r?
1
Let p(b) = -b**3 + 15*b**2 - 26*b + 29. What is the units digit of p(13)?
9
Suppose -2*h = 3*p - 0*h - 307, 0 = -p - 4*h + 89. Let z = p + -68. What is the tens digit of z?
3
Suppose 0 = -h + 3*q + 162, -3*q = 4*h + h - 882. What is the tens digit of h?
7
Suppose 2*u = 5*w + 125, -2*u + 120 = -2*w - 2*w. Suppose 119 = p + u. What is the tens digit of p?
6
Let l(i) = -2 + 33*i + 7 - 3 + 8. What is the units digit of l(3)?
9
Let q(s) = s**2 - 2*s + 7. Let t be 3 + -5 + 10 - 3. Let a be q(t). Let c = 26 - a. What is the units digit of c?
4
Let n be (8/(-14))/(8/(-28)). Let o(y) = -4*y. Let p be o(n). Let u = 15 - p. What is the tens digit of u?
2
Suppose 2*h + q - 1905 = 0, -2*q + 2678 - 774 = 2*h. What is the units digit of h?
3
What is the units digit of (7152/3)/2 + 6 + -6?
2
Let s(m) = -m**2 - 7*m - 1. Let n be s(-8). Let z(q) = q**3 + 9*q**2 - 4*q - 2. What is the tens digit of z(n)?
3
Let b(f) = -147*f**3 - 4*f**2 - 3*f + 8. Let v be b(-3). What is the units digit of (6/10)/(10/v)?
7
Let j = 1 - -1. Suppose -7*c + 3*c + 3*x = 15, j*c - 5*x = -25. Suppose 3*w + 0*w + 15 = c, 4*w = 3*f - 179. What is the units digit of f?
3
Let h(q) = -115*q - 50. What is the hundreds digit of h(-18)?
0
Let i = -2972 - -4209. What is the thousands digit of i?
1
Suppose -w = 4*f - 44, -4*f - 5*w + 40 = f. Let h(o) = -10*o + 8. Let k be h(f). What is the units digit of (-4 + 1)/(42/k)?
8
Suppose 0 = 38*m - 5598 - 58964. What is the units digit of m?
9
Suppose -u + 28 = 5*v - 5*u, v + 2 = -3*u. Suppose 5*k = -4*n - 105, v*n + k + 99 = 2*k. Let b = 45 + n. What is the tens digit of b?
2
Suppose 119*a - 104*a - 60990 = 0. What is the thousands digit of a?
4
Let i = 1832 - 1105. What is the hundreds digit of i?
7
Suppose -6*y = 4*y + 30. Let v(r) be the second derivative of -r**5/20 - r**4/3 - r**3/2 + r**2 - 2*r. What is the units digit of v(y)?
2
Suppose g - 52 + 58 = 0. Let j be 2/(-7) - 60/(-14). What is the units digit of (-3)/g + 86/j?
2
Suppose -2*i + 2220 = 5*y, 3*y + 3152 + 136 = 3*i. What is the thousands digit of i?
1
Suppose 64*u = 114222 + 60690. What is the thousands digit of u?
2
Let c be ((-40)/(-15))/(4/18). Suppose 11*z - c*z = 1. What is the units digit of 8 + -4 - z*2?
6
Suppose -2*h + 4*h = -w - 413, 5*w - 4*h = -2079. Let i = -202 - w. What is the hundreds digit of i?
2
Let y be (0 - (-6)/4)*2. Let h(q) = -1 - 4*q**y + 0*q**3 - 8*q**2 + 8*q + 3*q**3 + 2. What is the units digit of h(-9)?
0
Let k(d) = -2*d**2 + 3*d + 1. Let s be k(-1). What is the tens digit of 66/(11/2 + s)?
4
Let j = 33 - 31. Let g be j/8 + (-9)/4. What is the units digit of 47 - (0/g + 3)?
4
Suppose 4*s + 4 = 2*a, -4 = -3*a + 4*s + 2. Let k(x) = -4*x - 6 - 4*x**a - x - 2*x + 3*x**2. What is the units digit of k(-5)?
4
Let f be 4 - -2 - (-11 + 9). Suppose 2*h = h + f. What is the units digit of h?
8
Let s be (-11)/(-6) - (-2)/12. Suppose 3*n - 8*n = -r + 25, -s*r + 2*n + 18 = 0. Suppose 2*i - 3*b = 45 - 0, -r*b = -5*i + 100. What is the tens digit of i?
1
Let w(l) = 6*l**2 - 1. Let b be w(-1). Let a(o) = -b - 4 - 8*o + 13. What is the units digit of a(-4)?
6
Suppose 0 = 31*h - 35*h + 4*g + 1000, 4*h + g = 990. What is the units digit of h?
8
Suppose -5*h + 1771 = 5*w - w, -2*w + 5*h = -863. What is the tens digit of w?
3
Let y(d) = -d**3 - 7*d**2 - 2*d + 8. Suppose 0 = 8*w - 6*w + 12. Let g be (-1)/3 + 40/w. What is the units digit of y(g)?
2
Suppose 0 = -5*y + 10, -66 = 2*c + 2*y + y. Let m = 50 + c. Let k = m - -34. What is the units digit of k?
8
Suppose 4*z + 2*h = -h + 17, 4*h = -4. Let n = 22 - 17. Suppose 55 = 5*u + n*k, u = -u + z*k + 15. What is the tens digit of u?
1
Suppose 73*k - 16 = 81*k. Let v = -3 - -7. What is the tens digit of 31*(2 - v)/k?
3
Suppose 1108 = 9*f - 5*f. What is the tens digit of f?
7
Suppose 40*f = 17*f + 11431. What is the units digit of f?
7
Let h(u) = -45*u**2 + 10*u + 21. Let z(g) = 23*g**2 - 5*g - 11. Let m(v) = -6*h(v) - 11*z(v). What is the units digit of m(-2)?
3
Let i(k) = 3*k**2 + 2*k + 15 - 5 - 9. What is the units digit of i(-1)?
2
Suppose -l - 29 = -5*j + 8, -5*l = 3*j - 39. Suppose 4*g + 40 = j*g. Let d(s) = -s**3 + 9*s**2 + 12*s - 5. What is the tens digit of d(g)?
1
Suppose -7*y + 10*y - 6 = 0. Suppose 4*k = y*k + 318. What is the units digit of k?
9
Suppose 3*f + 5*f = 120. Suppose -6*l + f = 75. What is the units digit of 5377/95 - (-6)/l?
6
Let t(f) = -f**3 - f**2 - f - 1. Suppose -6*a - 10 - 2 = 0. Let s be t(a). Suppose 2*l - s*l + 117 = 0. What is the units digit of l?
9
Let c(h) = 631*h**2 - 25*h - 27. What is the units digit of c(-2)?
7
Let i(l) = l**3 + 7*l + 35. What is the hundreds digit of i(7)?
4
Let n = 4 + -4. Let z be (2 - n) + 116 - 3. What is the units digit of (-2)/7 + z/35?
3
Let i = -10 - -14. Suppose -i*f + 80 = -84. What is the units digit of f?
1
Let i = -5 + 5. Suppose i = -n - 4*n + 130. What is the units digit of n?
6
Suppose -85*x + 42160 = -69*x. What is the thousands digit of x?
2
Let f = -1502 + 2261. What is the tens digit of f?
5
Let i = 4 - -45. Let y = i - -34. What is the units digit of y?
3
Let w(p) = 3*p**2 + 10*p - 8. Let k be w(-9). Let v = 203 - k. What is the units digit of v?
8
Let q be (18/3)/(2/(-3)). Let o = 12 + q. Suppose -o*b = -8*b + 85. What is the tens digit of b?
1
Suppose -5*t + 13 = -4*t + n, 3*n + 57 = 3*t. Let x = t - 12. What is the units digit of x?
4
Let i = 12 - 10. Suppose 0 = -i*x - 5*x + 63. What is the units digit of x?
9
Suppose 6*f + 40 - 982 = 0. What is the tens digit of 4/(-8) + f/2?
7
Suppose -3*m = -5*p + 19, m = -4*p + 6*p - 7. Suppose -5*n = -2*y - 5, 2 + p = -y + 3*n. Suppose -2*f + y = -31. What is the units digit of f?
8
Suppose 587 = 8*q - 1853. What is the units digit of q?
5
Suppose 0*x - 3*x + 54 = 0. Suppose x = y + 4. Let u = y + -10. What is the units digit of u?
4
Suppose -3*g = -2*n - 6, 8 = 2*g + 2*g - n. Suppose -u + 72 = 5*v - 301, -g*v - 2*u = -154. What is the tens digit of v?
7
Let u(p) = -5*p + 4. Let a(t) = -2*t + 2. Let k(m) = 7*a(m) - 3*u(m). Let o be k(-4). What is the units digit of 13/(o/2 - -2)?
3
What is the units digit of (-246)/4*224/(-168)?
2
Let q(u) = u**2 + 12*u + 295. What is the units digit of q(0)?
5
Let d(g) = -g**3 + 13*g**2 - 8*g - 15. Let i = 12 + 0. What is the units digit of d(i)?
3
Suppose 0*i = -2*i. Suppose i = 3*s + 2*s - 15. Suppose 4*y - 12 = a, -s*a = 4*y - 5*a - 16. What is the units digit of y?
2
Let c be (5/10)/(2/8). Suppose i + 248 = -4*u + c*i, -u - 3*i = 62. Let a = u + 93. What is the tens digit of a?
3
Let w(m) = -8*m**2 - 4*m - 1. Let i be (12/20)/((-2)/10). Let y be w(i). Let s = -42 - y. What is the units digit of s?
9
Suppose -2*o = -0*o. Let u be (-12)/9*18/(-8). Suppose o = -u*w + w + 50. What is the units digit of w?
5
Let r(i) = 76*i - 3. Let w be r(5). Suppose 171 + w = 4*s. What is the hundreds digit of s?
1
Let d be 98/84 + (-1)/6. Let r(p) = 2*p**2 + 2*p - 2. Let v be r(d). Suppose -2*z + 55 = -3*b + 4*b, -z - 95 = -v*b. What is the tens digit of b?
4
Let x(f) = -f**3 + 2*f**2 + 4*f + 3. Let m be x(-2). Let c = m - 6. Suppose 5*y - 6 = -i, -i - 72 = -c*i + 4*y. What is the tens digit of i?
1
Let b = 270 - 135. What is the tens digit of b?
3
What is the tens digit of (-11364)/24*(-17 - -7)?
3
Let w = 151 - 212. Let m = w - -107. What is the units digit of m?
6
Suppose -101 = -3*n - 5*x, -5*n - 2*x + 0*x + 143 = 0. Let r = 6 + -2. Suppose -r*c = -9 - n. What is the units digit of c?
9
Suppose 35*z + 3648 = 39*z. What is the hundreds digit of z?
9
What is t